 + 10*a**2 - 15*a + 33. Let k be g(-11). Calculate the greatest common divisor of k and 7.
7
Suppose 3*p + 9 = 21. Let k = -29 - -121. Let v be -3 + (-4 - k/(-4)). What is the highest common divisor of p and v?
4
Let m be 2/(-7) - (-259)/49. Suppose -1 = -3*q + 2*q + g, 4*g - 50 = -m*q. What is the highest common divisor of q and 42?
6
Let p = -29 - -57. Let q = 36 - p. What is the highest common divisor of q and 12?
4
Suppose 233 + 183 = 16*h. Calculate the greatest common factor of h and 806.
26
Suppose z - 10 = 5*s + 6, -139 = -4*z + 5*s. What is the highest common divisor of z and 1107?
41
Suppose -119 - 169 = -4*b + 3*f, 3*f + 138 = 2*b. Suppose -3*a + 16 = g - 23, -4*a + 282 = 9*g. What is the greatest common factor of b and g?
15
Suppose 99 = 10*w - w. What is the highest common divisor of 55 and w?
11
Suppose 0 = 9*z - 7683 - 138. What is the highest common divisor of 11 and z?
11
Let p be (138/115)/((-6)/(-100)). What is the greatest common divisor of 290 and p?
10
Let x = 1454 + -1447. What is the greatest common divisor of x and 119?
7
Let t = 1 + 4. Let z(b) = b**3 - 2 + 9*b**2 - 12*b - 5 + t*b**2 - 2*b**3. Let i be z(13). What is the highest common factor of 15 and i?
3
Suppose z - 2*j + 1 = -8, 5*z + 57 = 4*j. Let p be (-6)/(205/(-65) - (-6)/2). Let d = z + p. Calculate the greatest common factor of 65 and d.
13
Suppose 5*o - 12 = o. Suppose 0 = o*f - 14*f + 561. What is the highest common divisor of f and 34?
17
Let s = 6 - 11. Let f(t) = -2*t - 8. Let x be f(s). Let u(b) = 31*b + 4. Let j be u(x). What is the highest common divisor of j and 6?
6
Let s be 2 + 23 - ((-4 - 2) + 4). Let m be (-10)/(-6)*9/5 + s. What is the greatest common divisor of 20 and m?
10
Let d = 36 - 24. Suppose 0 = z - 1, -a + 4 + 1 = 5*z. Suppose -70 = -5*h + h - 2*u, 5*h + 5*u - 85 = a. What is the greatest common divisor of d and h?
6
Suppose 0*v - v = -2*w - 25, -5*w - 85 = -4*v. Let o be -1*8*v/(-20). Let a be 128/3 - 2/3. Calculate the greatest common factor of o and a.
6
Let d be (-45)/(-10)*8/18. Calculate the greatest common factor of 250 and d.
2
Let b = 65 - 9. Let r be 0 - -1 - 0/2. Let a = 6 + r. What is the highest common divisor of b and a?
7
Suppose -4*n + 4*o + 44 = -3*n, -144 = -5*n + o. Let a(s) = -21*s + 1 - 20*s + 0. Let m be a(-1). What is the highest common divisor of m and n?
14
Let x = 24 + -20. Let n be ((1 - 1)/x)/2. Suppose 3*h - 3*q - 15 = 0, n = -q + 7 - 2. Calculate the greatest common divisor of h and 30.
10
Let j = -1009 + 1014. What is the greatest common factor of j and 5?
5
Let q = -233 + 492. What is the highest common divisor of q and 7?
7
Let h be -4*(2502/(-216) + 1/(-6)). Calculate the highest common divisor of h and 1457.
47
Suppose -795 = -4*h + 3*p, 2*h = 6*h - p - 793. Let c be (-144)/8*-1*1. Calculate the greatest common factor of c and h.
18
Let m be (39124/(-8) + -12)*(-8)/20. Calculate the greatest common factor of m and 106.
53
Let s(z) = -2*z**3 + 15*z**2 - 2*z - 5. Let g be s(6). Suppose 5*i + 12*v - 10*v = 122, 5*i = -5*v + 110. Calculate the greatest common divisor of i and g.
13
Suppose 5*u - 455 = -5*t, 3*t = 5*u - 0*t - 431. Suppose 7*a = 3*a + 3*d + 75, 2*d = -5*a + u. What is the highest common divisor of 45 and a?
9
Let w(g) = 24*g + 247. Let t be w(-10). What is the highest common divisor of 77 and t?
7
Suppose 77*p = 70*p + 952. Suppose 0 = -4*d + p + 24. What is the greatest common divisor of 16 and d?
8
Suppose 3*j = -2*l - 56 + 123, -4*j = l - 81. Calculate the highest common factor of j and 589.
19
Let w = -331 - -499. What is the greatest common divisor of 21 and w?
21
Let k be (-1 + 8)*6/3. Suppose -5*o + 3*i + 413 = -o, 2*o - i = 207. Let t = o - 48. Calculate the greatest common divisor of t and k.
14
Let t = 44 + -8. Suppose 8*j = -65796 + 65828. Calculate the highest common factor of t and j.
4
Let r(k) = 151*k - 724. Let z be r(6). Calculate the greatest common factor of z and 819.
91
Suppose 4 = -r, -2*b - 210 = b - 3*r. Let q = b - -108. What is the highest common factor of 306 and q?
34
Suppose 4*b - 83 = 5*c, -2*b + 13 = -2*c - 27. What is the highest common divisor of 272 and b?
17
Let z be 107 + 3 - 2*2. What is the greatest common factor of 53 and z?
53
Suppose -4 = 2*t, 3*t - 4 = -3*v + 2*t. Suppose 6*b - v*b - 308 = 0. What is the greatest common factor of 22 and b?
11
Let p(j) = -21*j + 4. Let w(d) = 7*d - 1. Let x(t) = 2*p(t) + 7*w(t). Let h be x(5). What is the highest common divisor of h and 12?
12
Suppose 3*x = o - 9, -2*o = x + 2*x - 9. What is the greatest common divisor of 318 and o?
6
Let b(o) = -12*o**3 + 3*o**2 + 3*o - 2. Let c be -4 + (-4)/(-6)*3. Let j be b(c). What is the highest common divisor of 40 and j?
20
Let u be (5/(-2))/((-14)/308) + 5. Calculate the greatest common divisor of 45 and u.
15
Suppose i - 643 = 3*w, 3 = 2*w + 1. Calculate the highest common factor of i and 68.
34
Let y be 3/(2 - 1)*(-1 - -13). Calculate the highest common divisor of 18 and y.
18
Suppose 2*k + 408 = 5*k + 4*a, -5*a - 136 = -k. Calculate the greatest common divisor of 476 and k.
68
Let m = -141 - -198. Calculate the greatest common divisor of m and 38.
19
Suppose -5*n = -4*n + 2*w - 3, -3*w = 2*n - 6. Let b be 7/(20/18 - 1). Suppose -n*c - b = -252. Calculate the greatest common factor of 9 and c.
9
Let k be 6*1 + (-63)/21. Suppose -82*p + 80*p = -18. What is the greatest common factor of p and k?
3
Suppose -28678 = -54*c + 61178. Calculate the greatest common factor of 256 and c.
128
Let r = -2590 + 2727. What is the greatest common factor of 2329 and r?
137
Let u(h) = 22*h**2 - 288*h - 16. Let j be u(14). What is the highest common factor of j and 12?
12
Let u(o) = 4 - o + 2 + 2*o. Let b be u(5). Suppose 5*z - 532 = 2*m - 147, -4*z + 5*m + 308 = 0. What is the highest common factor of b and z?
11
Suppose j + 4 = 4*r, 4*j - 2*r = -0*j + 12. Suppose 0 = 3*u - 5*a - 79, a = -j*u - 3*a + 116. What is the highest common divisor of 4 and u?
4
Let l(r) = r**3 + 4*r**2 - 3*r + 5. Let d be l(-5). Let q = d + 31. Let z = -20 + q. What is the greatest common divisor of 15 and z?
3
Suppose 4*q = -5*x - 10, -x - 1 = -4*x - q. Suppose -x*t + 7*t - 49 = -2*l, 3*t - 45 = 4*l. What is the highest common factor of 77 and t?
11
Let a be 13/4 - (3 - 44/16). Calculate the highest common factor of a and 537.
3
Let g = -83 - -153. Let q(s) = 2*s + 2. Let o be q(4). What is the greatest common factor of g and o?
10
Suppose -5*f - 33 = -o, 6*o - 4*f = o + 60. Suppose -110*s = -109*s - 8. What is the highest common factor of s and o?
8
Suppose -j - 4*m = -33, -50*j + 47*j + 5*m + 150 = 0. Calculate the highest common divisor of j and 20.
5
Suppose 0*z + 6*z = 66. Suppose r = -4*y + 3*y + z, -3*y = -15. Let l be ((-26)/6)/(r/(-18)). Calculate the highest common divisor of 65 and l.
13
Suppose 74*p - 77*p + 552 = 0. What is the highest common factor of p and 23?
23
Let f(n) be the third derivative of -n**6/60 - n**5/10 - n**4/8 - 5*n**3/3 + 9*n**2. Let c be f(-4). Calculate the highest common divisor of 68 and c.
34
Suppose 2*q = -0*q - m + 7, 16 = 4*q + 4*m. Suppose q*z - 6*z + 66 = 0. Calculate the highest common divisor of z and 22.
22
Let l = 1056 + -955. Calculate the greatest common divisor of 3030 and l.
101
Let g be 24/14 + 10/35 - 3. Let m be (-30)/g + (5 - 9). Calculate the highest common factor of m and 13.
13
Suppose -s + 7 = 3, -4*s + 1204 = 3*b. Calculate the highest common divisor of b and 44.
44
Suppose 2*n + 3*n = 15. Suppose -m - n*m + 16 = 0. Suppose -2 = -m*l + 18. Calculate the highest common factor of l and 1.
1
Let o(x) = x**3 - 18*x**2 + 20*x - 31. Let l = 12 - -5. Let q be o(l). What is the highest common factor of 5 and q?
5
Let b = -231 + 255. Calculate the greatest common factor of b and 3.
3
Let l = -17 + 24. Suppose -o + 2*f = -5*o + 72, -3*o = -3*f - 54. Let r = 17 + o. Calculate the greatest common factor of r and l.
7
Let n = -599 - -858. Calculate the highest common factor of 7 and n.
7
Let a = -1808 + 1828. Calculate the greatest common divisor of 110 and a.
10
Let w = 148 + -86. Suppose 2*d + 14 = w. Suppose 0*f + 2*f = 120. Calculate the highest common factor of f and d.
12
Let n = 9 - 0. Let c be (-50)/(-10)*(-24)/(-20). What is the greatest common factor of c